{"id":812,"date":"2024-11-05T15:27:49","date_gmt":"2024-11-05T15:27:49","guid":{"rendered":"https:\/\/toty.fr\/st-joseph\/?page_id=812"},"modified":"2025-03-08T16:21:23","modified_gmt":"2025-03-08T16:21:23","slug":"taxe-dapprentissage","status":"publish","type":"page","link":"https:\/\/stjoseph-nice.net\/index.php\/taxe-dapprentissage\/","title":{"rendered":"Portes ouvertes num\u00e9riques"},"content":{"rendered":"\t\t<div data-elementor-type=\"wp-page\" data-elementor-id=\"812\" class=\"elementor elementor-812\" data-elementor-post-type=\"page\">\n\t\t\t\t\t\t<section class=\"elementor-section elementor-top-section elementor-element elementor-element-d2a9b6c elementor-section-boxed elementor-section-height-default elementor-section-height-default\" data-id=\"d2a9b6c\" data-element_type=\"section\" data-settings=\"{&quot;background_background&quot;:&quot;classic&quot;}\">\n\t\t\t\t\t\t<div class=\"elementor-container elementor-column-gap-default\">\n\t\t\t\t\t<div class=\"aux-parallax-section elementor-column elementor-col-100 elementor-top-column elementor-element elementor-element-7e8f077\" data-id=\"7e8f077\" data-element_type=\"column\">\n\t\t\t<div class=\"elementor-widget-wrap elementor-element-populated\">\n\t\t\t\t\t\t<div class=\"elementor-element elementor-element-aa41673 elementor-widget elementor-widget-text-editor\" data-id=\"aa41673\" data-element_type=\"widget\" data-widget_type=\"text-editor.default\">\n\t\t\t\t<div class=\"elementor-widget-container\">\n\t\t\t\t\t\t\t\t\t<h2 style=\"text-align: center;\">PORTES OUVERTES NUM\u00c9RIQUES<\/h2>\t\t\t\t\t\t\t\t<\/div>\n\t\t\t\t<\/div>\n\t\t\t\t<div class=\"elementor-element elementor-element-dec428f elementor-widget elementor-widget-text-editor\" data-id=\"dec428f\" data-element_type=\"widget\" data-widget_type=\"text-editor.default\">\n\t\t\t\t<div class=\"elementor-widget-container\">\n\t\t\t\t\t\t\t\t\t<p style=\"text-align: center;\"><em>\u00ab TON AMOUR SANS EXIGENCE ME DIMINUE. TON EXIGENCE SANS AMOUR ME D\u00c9COURAGE. TON AMOUR EXIGEANT ME GRANDIT \u00bb<\/em><\/p>\t\t\t\t\t\t\t\t<\/div>\n\t\t\t\t<\/div>\n\t\t\t\t<div class=\"elementor-element elementor-element-a2500d9 elementor-widget elementor-widget-spacer\" data-id=\"a2500d9\" data-element_type=\"widget\" data-widget_type=\"spacer.default\">\n\t\t\t\t<div class=\"elementor-widget-container\">\n\t\t\t\t\t\t\t<div class=\"elementor-spacer\">\n\t\t\t<div class=\"elementor-spacer-inner\"><\/div>\n\t\t<\/div>\n\t\t\t\t\t\t<\/div>\n\t\t\t\t<\/div>\n\t\t\t\t\t<\/div>\n\t\t<\/div>\n\t\t\t\t\t<\/div>\n\t\t<\/section>\n\t\t\t\t<section class=\"elementor-section elementor-top-section elementor-element elementor-element-1fe0fa4 elementor-section-content-middle elementor-section-boxed elementor-section-height-default elementor-section-height-default\" data-id=\"1fe0fa4\" data-element_type=\"section\">\n\t\t\t\t\t\t<div class=\"elementor-container elementor-column-gap-no\">\n\t\t\t\t\t<div class=\"aux-parallax-section elementor-column elementor-col-100 elementor-top-column elementor-element elementor-element-9986796\" data-id=\"9986796\" data-element_type=\"column\" data-settings=\"{&quot;background_background&quot;:&quot;classic&quot;}\">\n\t\t\t<div class=\"elementor-widget-wrap elementor-element-populated\">\n\t\t\t\t\t\t<div class=\"elementor-element elementor-element-f3fcfe2 aux-appear-watch-animation aux-fade-in elementor-widget elementor-widget-aux_modern_heading\" data-id=\"f3fcfe2\" data-element_type=\"widget\" data-widget_type=\"aux_modern_heading.default\">\n\t\t\t\t<div class=\"elementor-widget-container\">\n\t\t\t\t\t<section class=\"aux-widget-modern-heading\">\n            <div class=\"aux-widget-inner\"><h2 class=\"aux-modern-heading-primary\">Portes Ouvertes Num\u00e9riques<\/h2><\/div>\n        <\/section>\t\t\t\t<\/div>\n\t\t\t\t<\/div>\n\t\t\t\t<div class=\"elementor-element elementor-element-eb2dfdc elementor-widget elementor-widget-html\" data-id=\"eb2dfdc\" data-element_type=\"widget\" data-widget_type=\"html.default\">\n\t\t\t\t<div class=\"elementor-widget-container\">\n\t\t\t\t\t<div style=\"width: 100%;\"><div style=\"position: relative; padding-bottom: 56.25%; padding-top: 0; height: 0;\"><iframe frameborder=\"0\" width=\"1200\" height=\"675\" style=\"position: absolute; top: 0; left: 0; width: 100%; height: 100%;\" src=\"https:\/\/view.genial.ly\/60046b594bfa890d0b182e6f\" type=\"text\/html\" allowscriptaccess=\"always\" allowfullscreen=\"true\" scrolling=\"yes\" allownetworking=\"all\"><\/iframe> <\/div> <\/div>\t\t\t\t<\/div>\n\t\t\t\t<\/div>\n\t\t\t\t\t<\/div>\n\t\t<\/div>\n\t\t\t\t\t<\/div>\n\t\t<\/section>\n\t\t\t\t<section class=\"elementor-section elementor-top-section elementor-element elementor-element-ec3da3a elementor-section-boxed elementor-section-height-default elementor-section-height-default\" data-id=\"ec3da3a\" data-element_type=\"section\" data-settings=\"{&quot;background_background&quot;:&quot;classic&quot;}\">\n\t\t\t\t\t\t<div class=\"elementor-container elementor-column-gap-no\">\n\t\t\t\t\t<div class=\"aux-parallax-section elementor-column elementor-col-100 elementor-top-column elementor-element elementor-element-3332919\" data-id=\"3332919\" data-element_type=\"column\" data-settings=\"{&quot;background_background&quot;:&quot;classic&quot;}\">\n\t\t\t<div class=\"elementor-widget-wrap elementor-element-populated\">\n\t\t\t\t\t\t<section class=\"elementor-section elementor-inner-section elementor-element elementor-element-2f61aa7 elementor-section-content-middle elementor-section-boxed elementor-section-height-default elementor-section-height-default\" data-id=\"2f61aa7\" data-element_type=\"section\" data-settings=\"{&quot;background_background&quot;:&quot;classic&quot;}\">\n\t\t\t\t\t\t<div class=\"elementor-container elementor-column-gap-no\">\n\t\t\t\t\t<div class=\"aux-parallax-section elementor-column elementor-col-50 elementor-inner-column elementor-element elementor-element-71bdd49\" data-id=\"71bdd49\" data-element_type=\"column\">\n\t\t\t<div class=\"elementor-widget-wrap elementor-element-populated\">\n\t\t\t\t\t\t<div class=\"elementor-element elementor-element-c044f8d elementor-widget__width-initial elementor-view-default elementor-widget elementor-widget-icon\" data-id=\"c044f8d\" data-element_type=\"widget\" data-widget_type=\"icon.default\">\n\t\t\t\t<div class=\"elementor-widget-container\">\n\t\t\t\t\t\t\t<div class=\"elementor-icon-wrapper\">\n\t\t\t<div class=\"elementor-icon\">\n\t\t\t<i aria-hidden=\"true\" class=\"fas fa-info-circle\"><\/i>\t\t\t<\/div>\n\t\t<\/div>\n\t\t\t\t\t\t<\/div>\n\t\t\t\t<\/div>\n\t\t\t\t<div class=\"elementor-element elementor-element-7f6070d elementor-widget__width-auto aux-appear-watch-animation aux-slide-from-top elementor-widget elementor-widget-aux_icon_list\" data-id=\"7f6070d\" data-element_type=\"widget\" data-widget_type=\"aux_icon_list.default\">\n\t\t\t\t<div class=\"elementor-widget-container\">\n\t\t\t\t\t<section class=\"widget-container aux-widget-icon-list aux-parent-aub771367b\"><div class=\"widget-inner\"><div class=\"aux-widget-icon-list-inner\"><ul class=\"aux-icon-list-items aux-direction-default\"><li class=\"aux-icon-list-item aux-list-item-has-icon aux-icon-list-item-b47cfe7 elementor-repeater-item-b47cfe7\"><span class=\"aux-icon-list-text\">En savoir +<\/span><\/li><\/ul><\/div><\/div><\/section><!-- widget-container -->\t\t\t\t<\/div>\n\t\t\t\t<\/div>\n\t\t\t\t<div class=\"elementor-element elementor-element-0595c7b elementor-widget__width-auto aux-appear-watch-animation aux-slide-from-top elementor-widget elementor-widget-aux_icon_list\" data-id=\"0595c7b\" data-element_type=\"widget\" data-widget_type=\"aux_icon_list.default\">\n\t\t\t\t<div class=\"elementor-widget-container\">\n\t\t\t\t\t<section class=\"widget-container aux-widget-icon-list aux-parent-auca943944\"><div class=\"widget-inner\"><div class=\"aux-widget-icon-list-inner\"><ul class=\"aux-icon-list-items aux-direction-default\"><li class=\"aux-icon-list-item aux-list-item-has-icon aux-icon-list-item-b47cfe7 elementor-repeater-item-b47cfe7\"><span class=\"aux-icon-list-text2\">Institut Saint Joseph<\/span><\/li><\/ul><\/div><\/div><\/section><!-- widget-container -->\t\t\t\t<\/div>\n\t\t\t\t<\/div>\n\t\t\t\t\t<\/div>\n\t\t<\/div>\n\t\t\t\t<div class=\"aux-parallax-section elementor-column elementor-col-50 elementor-inner-column elementor-element elementor-element-1ee2c79\" data-id=\"1ee2c79\" data-element_type=\"column\">\n\t\t\t<div class=\"elementor-widget-wrap elementor-element-populated\">\n\t\t\t\t\t\t<div class=\"elementor-element elementor-element-a6a3810 elementor-widget__width-auto aux-appear-watch-animation aux-fade-in elementor-widget elementor-widget-aux_modern_button\" data-id=\"a6a3810\" data-element_type=\"widget\" data-widget_type=\"aux_modern_button.default\">\n\t\t\t\t<div class=\"elementor-widget-container\">\n\t\t\t\t\t    <div class=\"aux-modern-button-wrapper aux-modern-button-align-left\" >\n                    <a class=\"aux-modern-button aux-white aux-modern-button-md aux-modern-button-normal aux-modern-button-default aux-icon-left\" href=\"https:\/\/stjoseph-nice.net\/wp-content\/uploads\/2025\/03\/Brochure-generale-2.pdf\" target=\"_blank\">\n                <div class=\"aux-overlay\"><\/div>\n                                    <div class=\"aux-icon \">\n                        <i aria-hidden=\"true\" class=\"fas fa-angle-down\"><\/i>                    <\/div>\n                                <div class=\"aux-text\">\n<span class=\"aux-text-before\">T\u00e9l\u00e9charger la brochure<\/span>                <\/div>\n            <\/a>\n            \n    <\/div>\n\n    \t\t\t\t<\/div>\n\t\t\t\t<\/div>\n\t\t\t\t\t<\/div>\n\t\t<\/div>\n\t\t\t\t\t<\/div>\n\t\t<\/section>\n\t\t\t\t\t<\/div>\n\t\t<\/div>\n\t\t\t\t\t<\/div>\n\t\t<\/section>\n\t\t\t\t<section class=\"elementor-section elementor-top-section elementor-element elementor-element-b44eaef elementor-section-boxed elementor-section-height-default elementor-section-height-default\" data-id=\"b44eaef\" data-element_type=\"section\">\n\t\t\t\t\t\t<div class=\"elementor-container elementor-column-gap-default\">\n\t\t\t\t\t<div class=\"aux-parallax-section elementor-column elementor-col-100 elementor-top-column elementor-element elementor-element-2fb165d\" data-id=\"2fb165d\" data-element_type=\"column\">\n\t\t\t<div class=\"elementor-widget-wrap elementor-element-populated\">\n\t\t\t\t\t\t<div class=\"elementor-element elementor-element-d7bbcf0 elementor-widget elementor-widget-spacer\" data-id=\"d7bbcf0\" data-element_type=\"widget\" data-widget_type=\"spacer.default\">\n\t\t\t\t<div class=\"elementor-widget-container\">\n\t\t\t\t\t\t\t<div class=\"elementor-spacer\">\n\t\t\t<div class=\"elementor-spacer-inner\"><\/div>\n\t\t<\/div>\n\t\t\t\t\t\t<\/div>\n\t\t\t\t<\/div>\n\t\t\t\t\t<\/div>\n\t\t<\/div>\n\t\t\t\t\t<\/div>\n\t\t<\/section>\n\t\t\t\t<\/div>\n\t\t","protected":false},"excerpt":{"rendered":"<p>PORTES OUVERTES NUM\u00c9RIQUES \u00ab TON AMOUR SANS EXIGENCE ME DIMINUE. TON EXIGENCE SANS AMOUR ME D\u00c9COURAGE. TON AMOUR EXIGEANT ME GRANDIT \u00bb Portes Ouvertes Num\u00e9riques En savoir + Institut Saint Joseph T\u00e9l\u00e9charger la brochure<\/p>\n","protected":false},"author":1,"featured_media":0,"parent":0,"menu_order":0,"comment_status":"closed","ping_status":"closed","template":"templates\/page-builder-content.php","meta":{"inline_featured_image":false,"footnotes":""},"class_list":["post-812","page","type-page","status-publish","hentry"],"yoast_head":"<!-- This site is optimized with the Yoast SEO plugin v25.9 - https:\/\/yoast.com\/wordpress\/plugins\/seo\/ -->\n<title>Portes ouvertes num\u00e9riques - Institut Saint Joseph - Nice<\/title>\n<meta name=\"robots\" content=\"index, follow, max-snippet:-1, max-image-preview:large, max-video-preview:-1\" \/>\n<link rel=\"canonical\" href=\"https:\/\/stjoseph-nice.net\/index.php\/taxe-dapprentissage\/\" \/>\n<meta property=\"og:locale\" content=\"fr_FR\" \/>\n<meta property=\"og:type\" content=\"article\" \/>\n<meta property=\"og:title\" content=\"Portes ouvertes num\u00e9riques - Institut Saint Joseph - Nice\" \/>\n<meta property=\"og:description\" content=\"PORTES OUVERTES NUM\u00c9RIQUES \u00ab TON AMOUR SANS EXIGENCE ME DIMINUE. TON EXIGENCE SANS AMOUR ME D\u00c9COURAGE. TON AMOUR EXIGEANT ME GRANDIT \u00bb Portes Ouvertes Num\u00e9riques En savoir + Institut Saint Joseph T\u00e9l\u00e9charger la brochure\" \/>\n<meta property=\"og:url\" content=\"https:\/\/stjoseph-nice.net\/index.php\/taxe-dapprentissage\/\" \/>\n<meta property=\"og:site_name\" content=\"Institut Saint Joseph - Nice\" \/>\n<meta property=\"article:modified_time\" content=\"2025-03-08T16:21:23+00:00\" \/>\n<meta name=\"twitter:card\" content=\"summary_large_image\" \/>\n<meta name=\"twitter:label1\" content=\"Dur\u00e9e de lecture estim\u00e9e\" \/>\n\t<meta name=\"twitter:data1\" content=\"1 minute\" \/>\n<script type=\"application\/ld+json\" class=\"yoast-schema-graph\">{\"@context\":\"https:\/\/schema.org\",\"@graph\":[{\"@type\":\"WebPage\",\"@id\":\"https:\/\/stjoseph-nice.net\/index.php\/taxe-dapprentissage\/\",\"url\":\"https:\/\/stjoseph-nice.net\/index.php\/taxe-dapprentissage\/\",\"name\":\"Portes ouvertes num\u00e9riques - Institut Saint Joseph - Nice\",\"isPartOf\":{\"@id\":\"https:\/\/stjoseph-nice.net\/#website\"},\"datePublished\":\"2024-11-05T15:27:49+00:00\",\"dateModified\":\"2025-03-08T16:21:23+00:00\",\"breadcrumb\":{\"@id\":\"https:\/\/stjoseph-nice.net\/index.php\/taxe-dapprentissage\/#breadcrumb\"},\"inLanguage\":\"fr-FR\",\"potentialAction\":[{\"@type\":\"ReadAction\",\"target\":[\"https:\/\/stjoseph-nice.net\/index.php\/taxe-dapprentissage\/\"]}]},{\"@type\":\"BreadcrumbList\",\"@id\":\"https:\/\/stjoseph-nice.net\/index.php\/taxe-dapprentissage\/#breadcrumb\",\"itemListElement\":[{\"@type\":\"ListItem\",\"position\":1,\"name\":\"Accueil\",\"item\":\"https:\/\/stjoseph-nice.net\/\"},{\"@type\":\"ListItem\",\"position\":2,\"name\":\"Portes ouvertes num\u00e9riques\"}]},{\"@type\":\"WebSite\",\"@id\":\"https:\/\/stjoseph-nice.net\/#website\",\"url\":\"https:\/\/stjoseph-nice.net\/\",\"name\":\"Institut Saint Joseph - Nice\",\"description\":\"Etablissement priv\u00e9 catholique sous contrat d&#039;association avec l&#039;\u00e9tat\",\"publisher\":{\"@id\":\"https:\/\/stjoseph-nice.net\/#organization\"},\"potentialAction\":[{\"@type\":\"SearchAction\",\"target\":{\"@type\":\"EntryPoint\",\"urlTemplate\":\"https:\/\/stjoseph-nice.net\/?s={search_term_string}\"},\"query-input\":{\"@type\":\"PropertyValueSpecification\",\"valueRequired\":true,\"valueName\":\"search_term_string\"}}],\"inLanguage\":\"fr-FR\"},{\"@type\":\"Organization\",\"@id\":\"https:\/\/stjoseph-nice.net\/#organization\",\"name\":\"Institut Saint Joseph - Nice\",\"url\":\"https:\/\/stjoseph-nice.net\/\",\"logo\":{\"@type\":\"ImageObject\",\"inLanguage\":\"fr-FR\",\"@id\":\"https:\/\/stjoseph-nice.net\/#\/schema\/logo\/image\/\",\"url\":\"https:\/\/stjoseph-nice.net\/wp-content\/uploads\/2024\/10\/cropped-cropped-ISJ-LOGO55.jpg\",\"contentUrl\":\"https:\/\/stjoseph-nice.net\/wp-content\/uploads\/2024\/10\/cropped-cropped-ISJ-LOGO55.jpg\",\"width\":125,\"height\":162,\"caption\":\"Institut Saint Joseph - Nice\"},\"image\":{\"@id\":\"https:\/\/stjoseph-nice.net\/#\/schema\/logo\/image\/\"}}]}<\/script>\n<!-- \/ Yoast SEO plugin. -->","yoast_head_json":{"title":"Portes ouvertes num\u00e9riques - Institut Saint Joseph - Nice","robots":{"index":"index","follow":"follow","max-snippet":"max-snippet:-1","max-image-preview":"max-image-preview:large","max-video-preview":"max-video-preview:-1"},"canonical":"https:\/\/stjoseph-nice.net\/index.php\/taxe-dapprentissage\/","og_locale":"fr_FR","og_type":"article","og_title":"Portes ouvertes num\u00e9riques - Institut Saint Joseph - Nice","og_description":"PORTES OUVERTES NUM\u00c9RIQUES \u00ab TON AMOUR SANS EXIGENCE ME DIMINUE. TON EXIGENCE SANS AMOUR ME D\u00c9COURAGE. TON AMOUR EXIGEANT ME GRANDIT \u00bb Portes Ouvertes Num\u00e9riques En savoir + Institut Saint Joseph T\u00e9l\u00e9charger la brochure","og_url":"https:\/\/stjoseph-nice.net\/index.php\/taxe-dapprentissage\/","og_site_name":"Institut Saint Joseph - Nice","article_modified_time":"2025-03-08T16:21:23+00:00","twitter_card":"summary_large_image","twitter_misc":{"Dur\u00e9e de lecture estim\u00e9e":"1 minute"},"schema":{"@context":"https:\/\/schema.org","@graph":[{"@type":"WebPage","@id":"https:\/\/stjoseph-nice.net\/index.php\/taxe-dapprentissage\/","url":"https:\/\/stjoseph-nice.net\/index.php\/taxe-dapprentissage\/","name":"Portes ouvertes num\u00e9riques - Institut Saint Joseph - Nice","isPartOf":{"@id":"https:\/\/stjoseph-nice.net\/#website"},"datePublished":"2024-11-05T15:27:49+00:00","dateModified":"2025-03-08T16:21:23+00:00","breadcrumb":{"@id":"https:\/\/stjoseph-nice.net\/index.php\/taxe-dapprentissage\/#breadcrumb"},"inLanguage":"fr-FR","potentialAction":[{"@type":"ReadAction","target":["https:\/\/stjoseph-nice.net\/index.php\/taxe-dapprentissage\/"]}]},{"@type":"BreadcrumbList","@id":"https:\/\/stjoseph-nice.net\/index.php\/taxe-dapprentissage\/#breadcrumb","itemListElement":[{"@type":"ListItem","position":1,"name":"Accueil","item":"https:\/\/stjoseph-nice.net\/"},{"@type":"ListItem","position":2,"name":"Portes ouvertes num\u00e9riques"}]},{"@type":"WebSite","@id":"https:\/\/stjoseph-nice.net\/#website","url":"https:\/\/stjoseph-nice.net\/","name":"Institut Saint Joseph - Nice","description":"Etablissement priv\u00e9 catholique sous contrat d&#039;association avec l&#039;\u00e9tat","publisher":{"@id":"https:\/\/stjoseph-nice.net\/#organization"},"potentialAction":[{"@type":"SearchAction","target":{"@type":"EntryPoint","urlTemplate":"https:\/\/stjoseph-nice.net\/?s={search_term_string}"},"query-input":{"@type":"PropertyValueSpecification","valueRequired":true,"valueName":"search_term_string"}}],"inLanguage":"fr-FR"},{"@type":"Organization","@id":"https:\/\/stjoseph-nice.net\/#organization","name":"Institut Saint Joseph - Nice","url":"https:\/\/stjoseph-nice.net\/","logo":{"@type":"ImageObject","inLanguage":"fr-FR","@id":"https:\/\/stjoseph-nice.net\/#\/schema\/logo\/image\/","url":"https:\/\/stjoseph-nice.net\/wp-content\/uploads\/2024\/10\/cropped-cropped-ISJ-LOGO55.jpg","contentUrl":"https:\/\/stjoseph-nice.net\/wp-content\/uploads\/2024\/10\/cropped-cropped-ISJ-LOGO55.jpg","width":125,"height":162,"caption":"Institut Saint Joseph - Nice"},"image":{"@id":"https:\/\/stjoseph-nice.net\/#\/schema\/logo\/image\/"}}]}},"_links":{"self":[{"href":"https:\/\/stjoseph-nice.net\/index.php\/wp-json\/wp\/v2\/pages\/812","targetHints":{"allow":["GET"]}}],"collection":[{"href":"https:\/\/stjoseph-nice.net\/index.php\/wp-json\/wp\/v2\/pages"}],"about":[{"href":"https:\/\/stjoseph-nice.net\/index.php\/wp-json\/wp\/v2\/types\/page"}],"author":[{"embeddable":true,"href":"https:\/\/stjoseph-nice.net\/index.php\/wp-json\/wp\/v2\/users\/1"}],"replies":[{"embeddable":true,"href":"https:\/\/stjoseph-nice.net\/index.php\/wp-json\/wp\/v2\/comments?post=812"}],"version-history":[{"count":21,"href":"https:\/\/stjoseph-nice.net\/index.php\/wp-json\/wp\/v2\/pages\/812\/revisions"}],"predecessor-version":[{"id":1628,"href":"https:\/\/stjoseph-nice.net\/index.php\/wp-json\/wp\/v2\/pages\/812\/revisions\/1628"}],"wp:attachment":[{"href":"https:\/\/stjoseph-nice.net\/index.php\/wp-json\/wp\/v2\/media?parent=812"}],"curies":[{"name":"wp","href":"https:\/\/api.w.org\/{rel}","templated":true}]}}