{"id":876,"date":"2024-11-05T17:28:06","date_gmt":"2024-11-05T17:28:06","guid":{"rendered":"https:\/\/toty.fr\/st-joseph\/?page_id=876"},"modified":"2025-09-16T09:22:31","modified_gmt":"2025-09-16T09:22:31","slug":"lequipe","status":"publish","type":"page","link":"https:\/\/stjoseph-nice.net\/index.php\/lequipe\/","title":{"rendered":"L&rsquo;\u00c9QUIPE"},"content":{"rendered":"\t\t<div data-elementor-type=\"wp-page\" data-elementor-id=\"876\" class=\"elementor elementor-876\" data-elementor-post-type=\"page\">\n\t\t\t\t\t\t<section class=\"elementor-section elementor-top-section elementor-element elementor-element-d2a9b6c elementor-section-boxed elementor-section-height-default elementor-section-height-default\" data-id=\"d2a9b6c\" data-element_type=\"section\" data-settings=\"{&quot;background_background&quot;:&quot;classic&quot;}\">\n\t\t\t\t\t\t<div class=\"elementor-container elementor-column-gap-default\">\n\t\t\t\t\t<div class=\"aux-parallax-section elementor-column elementor-col-100 elementor-top-column elementor-element elementor-element-7e8f077\" data-id=\"7e8f077\" data-element_type=\"column\">\n\t\t\t<div class=\"elementor-widget-wrap elementor-element-populated\">\n\t\t\t\t\t\t<div class=\"elementor-element elementor-element-aa41673 elementor-widget elementor-widget-text-editor\" data-id=\"aa41673\" data-element_type=\"widget\" data-widget_type=\"text-editor.default\">\n\t\t\t\t<div class=\"elementor-widget-container\">\n\t\t\t\t\t\t\t\t\t<h2 style=\"text-align: center;\">L&rsquo;\u00c9QUIPE<\/h2>\t\t\t\t\t\t\t\t<\/div>\n\t\t\t\t<\/div>\n\t\t\t\t<div class=\"elementor-element elementor-element-dec428f elementor-widget elementor-widget-text-editor\" data-id=\"dec428f\" data-element_type=\"widget\" data-widget_type=\"text-editor.default\">\n\t\t\t\t<div class=\"elementor-widget-container\">\n\t\t\t\t\t\t\t\t\t<p style=\"text-align: center;\"><em>\u00ab TON AMOUR SANS EXIGENCE ME DIMINUE. TON EXIGENCE SANS AMOUR ME D\u00c9COURAGE. TON AMOUR EXIGEANT ME GRANDIT \u00bb<\/em><\/p>\t\t\t\t\t\t\t\t<\/div>\n\t\t\t\t<\/div>\n\t\t\t\t<div class=\"elementor-element elementor-element-a2500d9 elementor-widget elementor-widget-spacer\" data-id=\"a2500d9\" data-element_type=\"widget\" data-widget_type=\"spacer.default\">\n\t\t\t\t<div class=\"elementor-widget-container\">\n\t\t\t\t\t\t\t<div class=\"elementor-spacer\">\n\t\t\t<div class=\"elementor-spacer-inner\"><\/div>\n\t\t<\/div>\n\t\t\t\t\t\t<\/div>\n\t\t\t\t<\/div>\n\t\t\t\t\t<\/div>\n\t\t<\/div>\n\t\t\t\t\t<\/div>\n\t\t<\/section>\n\t\t\t\t<section class=\"elementor-section elementor-top-section elementor-element elementor-element-32bbd45 elementor-section-boxed elementor-section-height-default elementor-section-height-default\" data-id=\"32bbd45\" data-element_type=\"section\">\n\t\t\t\t\t\t<div class=\"elementor-container elementor-column-gap-default\">\n\t\t\t\t\t<div class=\"aux-parallax-section elementor-column elementor-col-100 elementor-top-column elementor-element elementor-element-7ec90cf\" data-id=\"7ec90cf\" data-element_type=\"column\">\n\t\t\t<div class=\"elementor-widget-wrap elementor-element-populated\">\n\t\t\t\t\t\t<div class=\"elementor-element elementor-element-90d0dfc elementor-widget elementor-widget-text-editor\" data-id=\"90d0dfc\" data-element_type=\"widget\" data-widget_type=\"text-editor.default\">\n\t\t\t\t<div class=\"elementor-widget-container\">\n\t\t\t\t\t\t\t\t\t<h2 style=\"text-align: center;\"><strong>ORGANIGRAMME<\/strong><\/h2>\t\t\t\t\t\t\t\t<\/div>\n\t\t\t\t<\/div>\n\t\t\t\t\t<\/div>\n\t\t<\/div>\n\t\t\t\t\t<\/div>\n\t\t<\/section>\n\t\t\t\t<section class=\"elementor-section elementor-top-section elementor-element elementor-element-52676b0 elementor-section-boxed elementor-section-height-default elementor-section-height-default\" data-id=\"52676b0\" data-element_type=\"section\">\n\t\t\t\t\t\t<div class=\"elementor-container elementor-column-gap-default\">\n\t\t\t\t\t<div class=\"aux-parallax-section elementor-column elementor-col-100 elementor-top-column elementor-element elementor-element-77ae0ca\" data-id=\"77ae0ca\" data-element_type=\"column\">\n\t\t\t<div class=\"elementor-widget-wrap elementor-element-populated\">\n\t\t\t\t\t\t<div class=\"elementor-element elementor-element-6d54bec elementor-widget elementor-widget-image\" data-id=\"6d54bec\" data-element_type=\"widget\" data-widget_type=\"image.default\">\n\t\t\t\t<div class=\"elementor-widget-container\">\n\t\t\t\t\t\t\t\t\t\t\t\t\t\t\t<img fetchpriority=\"high\" decoding=\"async\" width=\"2257\" height=\"812\" src=\"https:\/\/stjoseph-nice.net\/wp-content\/uploads\/2025\/09\/Organigramme-1.jpg\" class=\"attachment-full size-full wp-image-1761\" alt=\"\" srcset=\"https:\/\/stjoseph-nice.net\/wp-content\/uploads\/2025\/09\/Organigramme-1.jpg 2257w, https:\/\/stjoseph-nice.net\/wp-content\/uploads\/2025\/09\/Organigramme-1-1536x553.jpg 1536w, https:\/\/stjoseph-nice.net\/wp-content\/uploads\/2025\/09\/Organigramme-1-2048x737.jpg 2048w, https:\/\/stjoseph-nice.net\/wp-content\/uploads\/2025\/09\/Organigramme-1-200x72.jpg 200w\" sizes=\"(max-width: 2257px) 100vw, 2257px\" \/>\t\t\t\t\t\t\t\t\t\t\t\t\t\t\t<\/div>\n\t\t\t\t<\/div>\n\t\t\t\t\t<\/div>\n\t\t<\/div>\n\t\t\t\t\t<\/div>\n\t\t<\/section>\n\t\t\t\t<section class=\"elementor-section elementor-top-section elementor-element elementor-element-ba99ccb elementor-section-boxed elementor-section-height-default elementor-section-height-default\" data-id=\"ba99ccb\" data-element_type=\"section\">\n\t\t\t\t\t\t<div class=\"elementor-container elementor-column-gap-default\">\n\t\t\t\t\t<div class=\"aux-parallax-section elementor-column elementor-col-100 elementor-top-column elementor-element elementor-element-3a963be\" data-id=\"3a963be\" data-element_type=\"column\">\n\t\t\t<div class=\"elementor-widget-wrap elementor-element-populated\">\n\t\t\t\t\t\t<section class=\"elementor-section elementor-inner-section elementor-element elementor-element-c19759f elementor-section-content-middle elementor-section-boxed elementor-section-height-default elementor-section-height-default\" data-id=\"c19759f\" data-element_type=\"section\">\n\t\t\t\t\t\t<div class=\"elementor-container elementor-column-gap-no\">\n\t\t\t\t\t<div class=\"aux-parallax-section elementor-column elementor-col-50 elementor-inner-column elementor-element elementor-element-6d78069\" data-id=\"6d78069\" data-element_type=\"column\">\n\t\t\t<div class=\"elementor-widget-wrap elementor-element-populated\">\n\t\t\t\t\t\t<div class=\"elementor-element elementor-element-0cf7a07 aux-appear-watch-animation aux-fade-in-left-1 elementor-widget elementor-widget-aux_image\" data-id=\"0cf7a07\" data-element_type=\"widget\" data-widget_type=\"aux_image.default\">\n\t\t\t\t<div class=\"elementor-widget-container\">\n\t\t\t\t\t<section class=\"widget-container aux-widget-image aux-alignnone aux-parent-au6f30e9fe\">\n    <div class=\"aux-media-hint-frame \">\n        <div class=\"aux-media-image \" >\n        \n            \n\n            \n            <img decoding=\"async\" width=\"1350\" height=\"900\" src=\"https:\/\/stjoseph-nice.net\/wp-content\/uploads\/2024\/11\/saint-joseph-ecole.jpg\" class=\"aux-attachment aux-featured-image aux-attachment-id-821\" alt=\"saint-joseph-ecole\" data-ratio=\"1.5\" data-original-w=\"1350\" \/>            \n                <\/div>\n    <\/div>\n\n<\/section><!-- widget-container -->\t\t\t\t<\/div>\n\t\t\t\t<\/div>\n\t\t\t\t\t<\/div>\n\t\t<\/div>\n\t\t\t\t<div class=\"aux-parallax-section elementor-column elementor-col-50 elementor-inner-column elementor-element elementor-element-8585975\" data-id=\"8585975\" data-element_type=\"column\" data-settings=\"{&quot;background_background&quot;:&quot;classic&quot;}\">\n\t\t\t<div class=\"elementor-widget-wrap elementor-element-populated\">\n\t\t\t\t\t\t<div class=\"elementor-element elementor-element-cc842d8 aux-appear-watch-animation aux-fade-in elementor-widget elementor-widget-aux_modern_heading\" data-id=\"cc842d8\" data-element_type=\"widget\" data-widget_type=\"aux_modern_heading.default\">\n\t\t\t\t<div class=\"elementor-widget-container\">\n\t\t\t\t\t<section class=\"aux-widget-modern-heading\">\n            <div class=\"aux-widget-inner\"><h2 class=\"aux-modern-heading-primary\">LE MOT DE LA DIRECTION<\/h2><\/div>\n        <\/section>\t\t\t\t<\/div>\n\t\t\t\t<\/div>\n\t\t\t\t<div class=\"elementor-element elementor-element-f246104 elementor-widget elementor-widget-text-editor\" data-id=\"f246104\" data-element_type=\"widget\" data-widget_type=\"text-editor.default\">\n\t\t\t\t<div class=\"elementor-widget-container\">\n\t\t\t\t\t\t\t\t\t<p style=\"text-align: justify;\"><span style=\"font-weight: 400;\">Dans l\u2019esprit des s\u0153urs de Saint Joseph, l&rsquo;institut Saint Joseph accueille chaque \u00e9l\u00e8ve <strong>avec bienveillance<\/strong> et l&rsquo;accompagne dans l&rsquo;<strong>accomplissement de sa personn<\/strong>e. <br \/>Notre philosophie \u00e9ducative repose sur l&rsquo;<strong>\u00e9coute<\/strong>, le <strong>respect<\/strong> et la <strong>valorisation des talents<\/strong> de chacun, tout en maintenant un <strong>\u00e9quilibre entre exigence acad\u00e9mique<\/strong> et <strong>d\u00e9veloppement personnel<\/strong>.<\/span><\/p><p style=\"text-align: justify;\"><span style=\"font-weight: 400;\">Nous offrons un <strong>suivi personnalis\u00e9<\/strong>, veillant \u00e0 ce que chaque \u00e9l\u00e8ve se sente reconnu et encourag\u00e9 \u00e0 atteindre son plein potentiel. <br \/>Plus qu&rsquo;une \u00e9cole, Saint Joseph est une <strong>communaut\u00e9 soud\u00e9e<\/strong>, o\u00f9 la coop\u00e9ration et l&rsquo;entraide sont au c\u0153ur de notre approche \u00e9ducative.<\/span><\/p><p style=\"text-align: justify;\"><span style=\"font-weight: 400;\">En collaboration avec les familles, nous favorisons un <strong>environnement de confiance<\/strong> et de <strong>solidarit\u00e9<\/strong>, o\u00f9 chaque \u00e9l\u00e8ve est pr\u00e9par\u00e9 \u00e0 devenir un <strong>citoyen \u00e9panoui et responsable<\/strong>.<\/span><\/p>\t\t\t\t\t\t\t\t<\/div>\n\t\t\t\t<\/div>\n\t\t\t\t\t<\/div>\n\t\t<\/div>\n\t\t\t\t\t<\/div>\n\t\t<\/section>\n\t\t\t\t\t<\/div>\n\t\t<\/div>\n\t\t\t\t\t<\/div>\n\t\t<\/section>\n\t\t\t\t<section class=\"elementor-section elementor-top-section elementor-element elementor-element-ec3da3a elementor-section-boxed elementor-section-height-default elementor-section-height-default\" data-id=\"ec3da3a\" data-element_type=\"section\" data-settings=\"{&quot;background_background&quot;:&quot;classic&quot;}\">\n\t\t\t\t\t\t<div class=\"elementor-container elementor-column-gap-no\">\n\t\t\t\t\t<div class=\"aux-parallax-section elementor-column elementor-col-100 elementor-top-column elementor-element elementor-element-3332919\" data-id=\"3332919\" data-element_type=\"column\" data-settings=\"{&quot;background_background&quot;:&quot;classic&quot;}\">\n\t\t\t<div class=\"elementor-widget-wrap elementor-element-populated\">\n\t\t\t\t\t\t<section class=\"elementor-section elementor-inner-section elementor-element elementor-element-2f61aa7 elementor-section-content-middle elementor-section-boxed elementor-section-height-default elementor-section-height-default\" data-id=\"2f61aa7\" data-element_type=\"section\" data-settings=\"{&quot;background_background&quot;:&quot;classic&quot;}\">\n\t\t\t\t\t\t<div class=\"elementor-container elementor-column-gap-no\">\n\t\t\t\t\t<div class=\"aux-parallax-section elementor-column elementor-col-50 elementor-inner-column elementor-element elementor-element-71bdd49\" data-id=\"71bdd49\" data-element_type=\"column\">\n\t\t\t<div class=\"elementor-widget-wrap elementor-element-populated\">\n\t\t\t\t\t\t<div class=\"elementor-element elementor-element-c044f8d elementor-widget__width-initial elementor-view-default elementor-widget elementor-widget-icon\" data-id=\"c044f8d\" data-element_type=\"widget\" data-widget_type=\"icon.default\">\n\t\t\t\t<div class=\"elementor-widget-container\">\n\t\t\t\t\t\t\t<div class=\"elementor-icon-wrapper\">\n\t\t\t<div class=\"elementor-icon\">\n\t\t\t<i aria-hidden=\"true\" class=\"fas fa-info-circle\"><\/i>\t\t\t<\/div>\n\t\t<\/div>\n\t\t\t\t\t\t<\/div>\n\t\t\t\t<\/div>\n\t\t\t\t<div class=\"elementor-element elementor-element-7f6070d elementor-widget__width-auto aux-appear-watch-animation aux-slide-from-top elementor-widget elementor-widget-aux_icon_list\" data-id=\"7f6070d\" data-element_type=\"widget\" data-widget_type=\"aux_icon_list.default\">\n\t\t\t\t<div class=\"elementor-widget-container\">\n\t\t\t\t\t<section class=\"widget-container aux-widget-icon-list aux-parent-au783e7eac\"><div class=\"widget-inner\"><div class=\"aux-widget-icon-list-inner\"><ul class=\"aux-icon-list-items aux-direction-default\"><li class=\"aux-icon-list-item aux-list-item-has-icon aux-icon-list-item-b47cfe7 elementor-repeater-item-b47cfe7\"><span class=\"aux-icon-list-text\">En savoir +<\/span><\/li><\/ul><\/div><\/div><\/section><!-- widget-container -->\t\t\t\t<\/div>\n\t\t\t\t<\/div>\n\t\t\t\t<div class=\"elementor-element elementor-element-0595c7b elementor-widget__width-auto aux-appear-watch-animation aux-slide-from-top elementor-widget elementor-widget-aux_icon_list\" data-id=\"0595c7b\" data-element_type=\"widget\" data-widget_type=\"aux_icon_list.default\">\n\t\t\t\t<div class=\"elementor-widget-container\">\n\t\t\t\t\t<section class=\"widget-container aux-widget-icon-list aux-parent-au014d9e18\"><div class=\"widget-inner\"><div class=\"aux-widget-icon-list-inner\"><ul class=\"aux-icon-list-items aux-direction-default\"><li class=\"aux-icon-list-item aux-list-item-has-icon aux-icon-list-item-b47cfe7 elementor-repeater-item-b47cfe7\"><span class=\"aux-icon-list-text2\">Institut Saint Joseph<\/span><\/li><\/ul><\/div><\/div><\/section><!-- widget-container -->\t\t\t\t<\/div>\n\t\t\t\t<\/div>\n\t\t\t\t\t<\/div>\n\t\t<\/div>\n\t\t\t\t<div class=\"aux-parallax-section elementor-column elementor-col-50 elementor-inner-column elementor-element elementor-element-1ee2c79\" data-id=\"1ee2c79\" data-element_type=\"column\">\n\t\t\t<div class=\"elementor-widget-wrap elementor-element-populated\">\n\t\t\t\t\t\t<div class=\"elementor-element elementor-element-4e972c0 elementor-widget__width-auto aux-appear-watch-animation aux-fade-in elementor-widget elementor-widget-aux_modern_button\" data-id=\"4e972c0\" data-element_type=\"widget\" data-widget_type=\"aux_modern_button.default\">\n\t\t\t\t<div class=\"elementor-widget-container\">\n\t\t\t\t\t    <div class=\"aux-modern-button-wrapper aux-modern-button-align-left\" >\n                    <a class=\"aux-modern-button aux-white aux-modern-button-md aux-modern-button-normal aux-modern-button-default aux-icon-left\" href=\"https:\/\/stjoseph-nice.net\/wp-content\/uploads\/2025\/03\/Brochure-generale-2.pdf\" target=\"_blank\">\n                <div class=\"aux-overlay\"><\/div>\n                                    <div class=\"aux-icon \">\n                        <i aria-hidden=\"true\" class=\"fas fa-angle-down\"><\/i>                    <\/div>\n                                <div class=\"aux-text\">\n<span class=\"aux-text-before\">T\u00e9l\u00e9charger la brochure<\/span>                <\/div>\n            <\/a>\n            \n    <\/div>\n\n    \t\t\t\t<\/div>\n\t\t\t\t<\/div>\n\t\t\t\t\t<\/div>\n\t\t<\/div>\n\t\t\t\t\t<\/div>\n\t\t<\/section>\n\t\t\t\t\t<\/div>\n\t\t<\/div>\n\t\t\t\t\t<\/div>\n\t\t<\/section>\n\t\t\t\t<section class=\"elementor-section elementor-top-section elementor-element elementor-element-a0a4b25 elementor-section-boxed elementor-section-height-default elementor-section-height-default\" data-id=\"a0a4b25\" data-element_type=\"section\">\n\t\t\t\t\t\t<div class=\"elementor-container elementor-column-gap-default\">\n\t\t\t\t\t<div class=\"aux-parallax-section elementor-column elementor-col-100 elementor-top-column elementor-element elementor-element-258891d\" data-id=\"258891d\" data-element_type=\"column\">\n\t\t\t<div class=\"elementor-widget-wrap elementor-element-populated\">\n\t\t\t\t\t\t<div class=\"elementor-element elementor-element-fad9aeb elementor-widget elementor-widget-spacer\" data-id=\"fad9aeb\" data-element_type=\"widget\" data-widget_type=\"spacer.default\">\n\t\t\t\t<div class=\"elementor-widget-container\">\n\t\t\t\t\t\t\t<div class=\"elementor-spacer\">\n\t\t\t<div class=\"elementor-spacer-inner\"><\/div>\n\t\t<\/div>\n\t\t\t\t\t\t<\/div>\n\t\t\t\t<\/div>\n\t\t\t\t\t<\/div>\n\t\t<\/div>\n\t\t\t\t\t<\/div>\n\t\t<\/section>\n\t\t\t\t<\/div>\n\t\t","protected":false},"excerpt":{"rendered":"<p>L&rsquo;\u00c9QUIPE \u00ab TON AMOUR SANS EXIGENCE ME DIMINUE. TON EXIGENCE SANS AMOUR ME D\u00c9COURAGE. TON AMOUR EXIGEANT ME GRANDIT \u00bb ORGANIGRAMME LE MOT DE LA DIRECTION Dans l\u2019esprit des s\u0153urs de Saint Joseph, l&rsquo;institut Saint Joseph accueille chaque \u00e9l\u00e8ve avec bienveillance et l&rsquo;accompagne dans l&rsquo;accomplissement de sa personne. Notre philosophie \u00e9ducative repose sur l&rsquo;\u00e9coute, le [&hellip;]<\/p>\n","protected":false},"author":1,"featured_media":0,"parent":0,"menu_order":0,"comment_status":"closed","ping_status":"closed","template":"templates\/page-builder-content.php","meta":{"inline_featured_image":false,"footnotes":""},"class_list":["post-876","page","type-page","status-publish","hentry"],"yoast_head":"<!-- This site is optimized with the Yoast SEO plugin v25.9 - https:\/\/yoast.com\/wordpress\/plugins\/seo\/ -->\n<title>L&#039;\u00c9QUIPE - Institut Saint Joseph - Nice<\/title>\n<meta name=\"robots\" content=\"index, follow, max-snippet:-1, max-image-preview:large, max-video-preview:-1\" \/>\n<link rel=\"canonical\" href=\"https:\/\/stjoseph-nice.net\/index.php\/lequipe\/\" \/>\n<meta property=\"og:locale\" content=\"fr_FR\" \/>\n<meta property=\"og:type\" content=\"article\" \/>\n<meta property=\"og:title\" content=\"L&#039;\u00c9QUIPE - Institut Saint Joseph - Nice\" \/>\n<meta property=\"og:description\" content=\"L&rsquo;\u00c9QUIPE \u00ab TON AMOUR SANS EXIGENCE ME DIMINUE. TON EXIGENCE SANS AMOUR ME D\u00c9COURAGE. TON AMOUR EXIGEANT ME GRANDIT \u00bb ORGANIGRAMME LE MOT DE LA DIRECTION Dans l\u2019esprit des s\u0153urs de Saint Joseph, l&rsquo;institut Saint Joseph accueille chaque \u00e9l\u00e8ve avec bienveillance et l&rsquo;accompagne dans l&rsquo;accomplissement de sa personne. Notre philosophie \u00e9ducative repose sur l&rsquo;\u00e9coute, le [&hellip;]\" \/>\n<meta property=\"og:url\" content=\"https:\/\/stjoseph-nice.net\/index.php\/lequipe\/\" \/>\n<meta property=\"og:site_name\" content=\"Institut Saint Joseph - Nice\" \/>\n<meta property=\"article:modified_time\" content=\"2025-09-16T09:22:31+00:00\" \/>\n<meta property=\"og:image\" content=\"https:\/\/stjoseph-nice.net\/wp-content\/uploads\/2025\/09\/Organigramme-1.jpg\" \/>\n<meta name=\"twitter:card\" content=\"summary_large_image\" \/>\n<meta name=\"twitter:label1\" content=\"Dur\u00e9e de lecture estim\u00e9e\" \/>\n\t<meta name=\"twitter:data1\" content=\"2 minutes\" \/>\n<script type=\"application\/ld+json\" class=\"yoast-schema-graph\">{\"@context\":\"https:\/\/schema.org\",\"@graph\":[{\"@type\":\"WebPage\",\"@id\":\"https:\/\/stjoseph-nice.net\/index.php\/lequipe\/\",\"url\":\"https:\/\/stjoseph-nice.net\/index.php\/lequipe\/\",\"name\":\"L'\u00c9QUIPE - Institut Saint Joseph - Nice\",\"isPartOf\":{\"@id\":\"https:\/\/stjoseph-nice.net\/#website\"},\"primaryImageOfPage\":{\"@id\":\"https:\/\/stjoseph-nice.net\/index.php\/lequipe\/#primaryimage\"},\"image\":{\"@id\":\"https:\/\/stjoseph-nice.net\/index.php\/lequipe\/#primaryimage\"},\"thumbnailUrl\":\"https:\/\/stjoseph-nice.net\/wp-content\/uploads\/2025\/09\/Organigramme-1.jpg\",\"datePublished\":\"2024-11-05T17:28:06+00:00\",\"dateModified\":\"2025-09-16T09:22:31+00:00\",\"breadcrumb\":{\"@id\":\"https:\/\/stjoseph-nice.net\/index.php\/lequipe\/#breadcrumb\"},\"inLanguage\":\"fr-FR\",\"potentialAction\":[{\"@type\":\"ReadAction\",\"target\":[\"https:\/\/stjoseph-nice.net\/index.php\/lequipe\/\"]}]},{\"@type\":\"ImageObject\",\"inLanguage\":\"fr-FR\",\"@id\":\"https:\/\/stjoseph-nice.net\/index.php\/lequipe\/#primaryimage\",\"url\":\"https:\/\/stjoseph-nice.net\/wp-content\/uploads\/2025\/09\/Organigramme-1.jpg\",\"contentUrl\":\"https:\/\/stjoseph-nice.net\/wp-content\/uploads\/2025\/09\/Organigramme-1.jpg\",\"width\":2257,\"height\":812},{\"@type\":\"BreadcrumbList\",\"@id\":\"https:\/\/stjoseph-nice.net\/index.php\/lequipe\/#breadcrumb\",\"itemListElement\":[{\"@type\":\"ListItem\",\"position\":1,\"name\":\"Accueil\",\"item\":\"https:\/\/stjoseph-nice.net\/\"},{\"@type\":\"ListItem\",\"position\":2,\"name\":\"L&rsquo;\u00c9QUIPE\"}]},{\"@type\":\"WebSite\",\"@id\":\"https:\/\/stjoseph-nice.net\/#website\",\"url\":\"https:\/\/stjoseph-nice.net\/\",\"name\":\"Institut Saint Joseph - Nice\",\"description\":\"Etablissement priv\u00e9 catholique sous contrat d&#039;association avec l&#039;\u00e9tat\",\"publisher\":{\"@id\":\"https:\/\/stjoseph-nice.net\/#organization\"},\"potentialAction\":[{\"@type\":\"SearchAction\",\"target\":{\"@type\":\"EntryPoint\",\"urlTemplate\":\"https:\/\/stjoseph-nice.net\/?s={search_term_string}\"},\"query-input\":{\"@type\":\"PropertyValueSpecification\",\"valueRequired\":true,\"valueName\":\"search_term_string\"}}],\"inLanguage\":\"fr-FR\"},{\"@type\":\"Organization\",\"@id\":\"https:\/\/stjoseph-nice.net\/#organization\",\"name\":\"Institut Saint Joseph - Nice\",\"url\":\"https:\/\/stjoseph-nice.net\/\",\"logo\":{\"@type\":\"ImageObject\",\"inLanguage\":\"fr-FR\",\"@id\":\"https:\/\/stjoseph-nice.net\/#\/schema\/logo\/image\/\",\"url\":\"https:\/\/stjoseph-nice.net\/wp-content\/uploads\/2024\/10\/cropped-cropped-ISJ-LOGO55.jpg\",\"contentUrl\":\"https:\/\/stjoseph-nice.net\/wp-content\/uploads\/2024\/10\/cropped-cropped-ISJ-LOGO55.jpg\",\"width\":125,\"height\":162,\"caption\":\"Institut Saint Joseph - Nice\"},\"image\":{\"@id\":\"https:\/\/stjoseph-nice.net\/#\/schema\/logo\/image\/\"}}]}<\/script>\n<!-- \/ Yoast SEO plugin. -->","yoast_head_json":{"title":"L'\u00c9QUIPE - Institut Saint Joseph - Nice","robots":{"index":"index","follow":"follow","max-snippet":"max-snippet:-1","max-image-preview":"max-image-preview:large","max-video-preview":"max-video-preview:-1"},"canonical":"https:\/\/stjoseph-nice.net\/index.php\/lequipe\/","og_locale":"fr_FR","og_type":"article","og_title":"L'\u00c9QUIPE - Institut Saint Joseph - Nice","og_description":"L&rsquo;\u00c9QUIPE \u00ab TON AMOUR SANS EXIGENCE ME DIMINUE. TON EXIGENCE SANS AMOUR ME D\u00c9COURAGE. TON AMOUR EXIGEANT ME GRANDIT \u00bb ORGANIGRAMME LE MOT DE LA DIRECTION Dans l\u2019esprit des s\u0153urs de Saint Joseph, l&rsquo;institut Saint Joseph accueille chaque \u00e9l\u00e8ve avec bienveillance et l&rsquo;accompagne dans l&rsquo;accomplissement de sa personne. Notre philosophie \u00e9ducative repose sur l&rsquo;\u00e9coute, le [&hellip;]","og_url":"https:\/\/stjoseph-nice.net\/index.php\/lequipe\/","og_site_name":"Institut Saint Joseph - Nice","article_modified_time":"2025-09-16T09:22:31+00:00","og_image":[{"url":"https:\/\/stjoseph-nice.net\/wp-content\/uploads\/2025\/09\/Organigramme-1.jpg","type":"","width":"","height":""}],"twitter_card":"summary_large_image","twitter_misc":{"Dur\u00e9e de lecture estim\u00e9e":"2 minutes"},"schema":{"@context":"https:\/\/schema.org","@graph":[{"@type":"WebPage","@id":"https:\/\/stjoseph-nice.net\/index.php\/lequipe\/","url":"https:\/\/stjoseph-nice.net\/index.php\/lequipe\/","name":"L'\u00c9QUIPE - Institut Saint Joseph - Nice","isPartOf":{"@id":"https:\/\/stjoseph-nice.net\/#website"},"primaryImageOfPage":{"@id":"https:\/\/stjoseph-nice.net\/index.php\/lequipe\/#primaryimage"},"image":{"@id":"https:\/\/stjoseph-nice.net\/index.php\/lequipe\/#primaryimage"},"thumbnailUrl":"https:\/\/stjoseph-nice.net\/wp-content\/uploads\/2025\/09\/Organigramme-1.jpg","datePublished":"2024-11-05T17:28:06+00:00","dateModified":"2025-09-16T09:22:31+00:00","breadcrumb":{"@id":"https:\/\/stjoseph-nice.net\/index.php\/lequipe\/#breadcrumb"},"inLanguage":"fr-FR","potentialAction":[{"@type":"ReadAction","target":["https:\/\/stjoseph-nice.net\/index.php\/lequipe\/"]}]},{"@type":"ImageObject","inLanguage":"fr-FR","@id":"https:\/\/stjoseph-nice.net\/index.php\/lequipe\/#primaryimage","url":"https:\/\/stjoseph-nice.net\/wp-content\/uploads\/2025\/09\/Organigramme-1.jpg","contentUrl":"https:\/\/stjoseph-nice.net\/wp-content\/uploads\/2025\/09\/Organigramme-1.jpg","width":2257,"height":812},{"@type":"BreadcrumbList","@id":"https:\/\/stjoseph-nice.net\/index.php\/lequipe\/#breadcrumb","itemListElement":[{"@type":"ListItem","position":1,"name":"Accueil","item":"https:\/\/stjoseph-nice.net\/"},{"@type":"ListItem","position":2,"name":"L&rsquo;\u00c9QUIPE"}]},{"@type":"WebSite","@id":"https:\/\/stjoseph-nice.net\/#website","url":"https:\/\/stjoseph-nice.net\/","name":"Institut Saint Joseph - Nice","description":"Etablissement priv\u00e9 catholique sous contrat d&#039;association avec l&#039;\u00e9tat","publisher":{"@id":"https:\/\/stjoseph-nice.net\/#organization"},"potentialAction":[{"@type":"SearchAction","target":{"@type":"EntryPoint","urlTemplate":"https:\/\/stjoseph-nice.net\/?s={search_term_string}"},"query-input":{"@type":"PropertyValueSpecification","valueRequired":true,"valueName":"search_term_string"}}],"inLanguage":"fr-FR"},{"@type":"Organization","@id":"https:\/\/stjoseph-nice.net\/#organization","name":"Institut Saint Joseph - Nice","url":"https:\/\/stjoseph-nice.net\/","logo":{"@type":"ImageObject","inLanguage":"fr-FR","@id":"https:\/\/stjoseph-nice.net\/#\/schema\/logo\/image\/","url":"https:\/\/stjoseph-nice.net\/wp-content\/uploads\/2024\/10\/cropped-cropped-ISJ-LOGO55.jpg","contentUrl":"https:\/\/stjoseph-nice.net\/wp-content\/uploads\/2024\/10\/cropped-cropped-ISJ-LOGO55.jpg","width":125,"height":162,"caption":"Institut Saint Joseph - Nice"},"image":{"@id":"https:\/\/stjoseph-nice.net\/#\/schema\/logo\/image\/"}}]}},"_links":{"self":[{"href":"https:\/\/stjoseph-nice.net\/index.php\/wp-json\/wp\/v2\/pages\/876","targetHints":{"allow":["GET"]}}],"collection":[{"href":"https:\/\/stjoseph-nice.net\/index.php\/wp-json\/wp\/v2\/pages"}],"about":[{"href":"https:\/\/stjoseph-nice.net\/index.php\/wp-json\/wp\/v2\/types\/page"}],"author":[{"embeddable":true,"href":"https:\/\/stjoseph-nice.net\/index.php\/wp-json\/wp\/v2\/users\/1"}],"replies":[{"embeddable":true,"href":"https:\/\/stjoseph-nice.net\/index.php\/wp-json\/wp\/v2\/comments?post=876"}],"version-history":[{"count":49,"href":"https:\/\/stjoseph-nice.net\/index.php\/wp-json\/wp\/v2\/pages\/876\/revisions"}],"predecessor-version":[{"id":1764,"href":"https:\/\/stjoseph-nice.net\/index.php\/wp-json\/wp\/v2\/pages\/876\/revisions\/1764"}],"wp:attachment":[{"href":"https:\/\/stjoseph-nice.net\/index.php\/wp-json\/wp\/v2\/media?parent=876"}],"curies":[{"name":"wp","href":"https:\/\/api.w.org\/{rel}","templated":true}]}}